= -6*y + 16. List the prime factors of y.
2
Suppose -16*g = -4*g - 2232. List the prime factors of g.
2, 3, 31
Let m(r) = -r**2. Let f(q) = -q**2 - 5*q - 4. Let y(n) = f(n) - 2*m(n). List the prime factors of y(8).
2, 5
Let b(l) = -6*l - 18. What are the prime factors of b(-10)?
2, 3, 7
Suppose -f + 2*d + 29 = 0, -4*f - 3*d = -68 - 48. List the prime factors of f.
29
What are the prime factors of 12/3 + 30 - -4?
2, 19
Let g = 1011 - 653. List the prime factors of g.
2, 179
Suppose 0 = y + 3*y + 140. List the prime factors of (112/y)/(4/(-10)).
2
Suppose 8*h - 4*h - 3*x = 27, 4*h - 5*x = 21. Let n = 13 - h. List the prime factors of n*2 + (-3)/3.
7
Suppose -4*u = -3*u. Suppose 2*r + 21 = x, -4*r + 5*x - 51 = -u*r. List the prime factors of 4/(12/(-9)) - r.
2, 3
Suppose -p + 2*x + 38 = 3*x, -p + 5*x = -20. What are the prime factors of p?
5, 7
Let p = -11 + 15. Suppose -5*q = 3*n - 98, -p*n - 8*q = -4*q - 136. What are the prime factors of n?
2, 3
Let j = 160 - 103. List the prime factors of j.
3, 19
Suppose 2*w - s = 3*s + 10, 5*w - s = 34. What are the prime factors of w?
7
What are the prime factors of -3 + 11*(1 + 6) + 0?
2, 37
Suppose 2*w = -w - 3, 0 = -2*k + 4*w + 12. Suppose -5*u + k*b - 7 = 13, u - 5*b = -25. What are the prime factors of (u + (-1 - -2))*4?
2
Suppose 3*z + 112 = 4*j - 2*j, 4*j - 4*z - 216 = 0. What are the prime factors of j?
2, 5
Let f be ((-39)/12)/(1/(-12)). Suppose -5*a + 2*g = -f, 3*a - 3*g - 34 = -a. List the prime factors of a.
7
Let s be 1/(-3) + 20/6. Suppose -4*q = 2*x - 17 - 33, -2*q + 5 = -s*x. Suppose q + 14 = 3*z. List the prime factors of z.
2
Let r(v) = 3 + 0*v - v**2 - 2*v**2 - v + 2*v + v**3. Let t(l) = -l**3 - 7*l**2 - 6*l + 3. Let k be t(-6). List the prime factors of r(k).
2, 3
Suppose 6*i + 12 = 3*i, 5*v - 2*i - 48 = 0. Suppose 4 + v = 2*m. Suppose 7*g - m = 4*g. List the prime factors of g.
2
Suppose -i - 5 = 4*i. Let j = 2 - i. Suppose 2*y - 13 - 5 = -j*x, -4*y - 4*x = -44. List the prime factors of y.
3, 5
Let o(b) = 2*b**2 - 2*b + 2. Let l be o(2). Let c(u) = -u**3 + 7*u**2 - 6*u + 8. What are the prime factors of c(l)?
2
Let u(k) be the third derivative of -k**6/120 - 2*k**5/15 - k**4/12 - 2*k**3/3 + k**2. Suppose 0*q = 3*q + 24. What are the prime factors of u(q)?
2, 3
Suppose 0 = -32*t + 27*t + 910. What are the prime factors of t?
2, 7, 13
Let s(h) = h**2 + 3*h + 8. What are the prime factors of s(-11)?
2, 3
Suppose -5*l - 8 = -3*l. Let g = 52 + l. What are the prime factors of g?
2, 3
Suppose -4*g + 19 = 3. Suppose 4*i + 28 = 2*n, g*n - 2*i = n + 34. Suppose -n = -h - 5. List the prime factors of h.
5
Let r(q) = -8*q - 4. What are the prime factors of r(-8)?
2, 3, 5
Let o be 3 - 5 - (-3 + 1). Suppose 3*i - 33 = -o*i. Let k = 20 - i. What are the prime factors of k?
3
Suppose 0 = 5*v + 10 + 10. Let h be (v/(-6))/(5/15). What are the prime factors of h*3/(-6)*-11?
11
Suppose 48 = 3*b - 4*q, 5*q = 2*q. What are the prime factors of b?
2
Let p(k) = k**2 - 9*k + 12. Let w be p(8). Suppose -5*m = -w*m - 26. What are the prime factors of m?
2, 13
Suppose w + 14 = 3*w. What are the prime factors of w?
7
Suppose 0*q = -5*q + 290. Let g = q + -33. List the prime factors of g.
5
What are the prime factors of -82*(-5)/(-25)*-5?
2, 41
Let x be (1/3)/((-5)/(-90)). Suppose -k - 2*l + x = -0*l, -14 = -3*k - 4*l. Suppose 0 = -4*z - 5*o + 43, -k*o = -4*z + o + 19. What are the prime factors of z?
7
Let r(j) = 10*j**3 + 1 - 9*j**3 + 4*j**2 - 3 - j. Let b(m) = -2*m**2 - 3*m - 2. Let y be b(-2). List the prime factors of r(y).
2
What are the prime factors of -22*(1 - 2) + -1?
3, 7
Let s = 1 + 35. What are the prime factors of s?
2, 3
Let b(h) = 50*h - 97. List the prime factors of b(6).
7, 29
What are the prime factors of (-646)/(-10) - (-6)/15?
5, 13
Let y be (3/4)/(3/12). Suppose 0*l - y*s - 43 = -5*l, 2*s - 8 = 0. List the prime factors of l.
11
Let z = 4 - 0. Let n(k) = -k + 4*k - 2 - z*k. List the prime factors of n(-7).
5
Suppose a - 5*a = 396. Let k = -61 - a. List the prime factors of k.
2, 19
Let g be 4/(-10) - (-8)/(-5). What are the prime factors of (g/2)/(6/(-78))?
13
Let n = 63 - 36. List the prime factors of n.
3
Let v(u) = -39*u - 3. What are the prime factors of v(-1)?
2, 3
Let p(k) = -k**3 - 4*k**2 + k + 1. Let t be p(-4). Let n be (-3)/(-2) + t/6. Let d(w) = 6*w**2 - 1. What are the prime factors of d(n)?
5
List the prime factors of (-3)/5 + (-173)/(-5).
2, 17
Let k(j) = 9*j**2 + 2. What are the prime factors of k(2)?
2, 19
Let t(i) = -13*i**3. Let v be t(-1). Suppose -l + v = -10. List the prime factors of l.
23
Let g = 2 + 0. Suppose -g*y + 3*d = -12, 3*y + 1 = -0*y - 5*d. Suppose 2*p + 2*j + 9 = -y*j, -3*j - 39 = -3*p. What are the prime factors of p?
2
Let s(f) = f**2 - 3*f. Let h = 16 + -9. Let b = 11 - h. What are the prime factors of s(b)?
2
Let w = -37 + 92. Suppose 0*v - w = -5*v. List the prime factors of v.
11
Suppose z + 3*w = 416 - 58, 0 = 5*z + 2*w - 1816. What are the prime factors of z?
2, 7, 13
Let y = 2 - -1. Let m = 5 - y. Suppose 0 = -u + 5, -m*j - 3*j + 3*u = -15. List the prime factors of j.
2, 3
Let j(c) = -2 + 12*c + 5 + 5*c**2 + c**3 - 9*c. Let l be j(-2). What are the prime factors of -69*(-1 + 6/l)?
23
Suppose 3*s = -4*z + 215, -s - 5*z = -0*z - 90. What are the prime factors of s?
5, 13
Suppose 3*t = -2*t + 80. Let i = -16 + 9. Let o = t + i. What are the prime factors of o?
3
Let l be 0*2*(-1)/2. Suppose 4*f + 7 - 139 = l. List the prime factors of f.
3, 11
Let d be ((-8)/3)/(1/3). Let z = d - -17. What are the prime factors of z?
3
Let y(h) = -3*h - 2. Let v = 28 + -18. Suppose 5*c + v = -2*x + 1, 5 = -2*x - c. What are the prime factors of y(x)?
2
Let q = -8 - -8. List the prime factors of 2 + (q - 3) + 19.
2, 3
Let n = 7 + 0. List the prime factors of n.
7
Let s(u) be the first derivative of -u**2/2 - 10*u - 2. Let f be s(-8). List the prime factors of f - -9 - (-1 + 2).
2, 3
Let i(a) = 4*a + 9. Let c(w) = 36*w + 80. Let d(s) = 3*c(s) - 28*i(s). List the prime factors of d(-9).
2, 3
Suppose 75 = -3*d + 255. Suppose 4*z - 2*f - d = 0, -3*z + 3*f - 38 = -5*z. What are the prime factors of z?
2
Suppose -5*v - 5*p + 109 = -v, 5*v - 3*p = 164. List the prime factors of v.
31
What are the prime factors of (-2460)/12*(-2 + 1)?
5, 41
Let c(v) = v + 1. Let d be c(0). Let w = 6 + d. What are the prime factors of w?
7
Let j = -65 + 46. Let g = -9 - j. What are the prime factors of g?
2, 5
What are the prime factors of (-15)/(-6)*46/5?
23
Let h be 420/26 - (-14)/(-91). What are the prime factors of (2 - -1)/(6/h)?
2
Let t = 53 + -30. Let q(k) = -k - 7. Let n be q(8). Let f = t + n. List the prime factors of f.
2
Let d(h) be the first derivative of -h**3/3 + 5*h**2/2 - 2*h + 3. Let t be d(2). Let m = t - -8. What are the prime factors of m?
2, 3
Let g(w) be the first derivative of -w**2/2 + 4*w + 3. List the prime factors of g(-4).
2
Let h(r) = 42*r + 5. List the prime factors of h(4).
173
Let f(x) = 8*x - 14. List the prime factors of f(6).
2, 17
Suppose f - 25 = -6*g + 3*g, -g - f = -7. Let i be (-30)/g*(-6)/(-5). List the prime factors of (-2)/4*16/i.
2
Suppose -2 = 5*z - 7. List the prime factors of ((-3)/z)/(9/(-12)).
2
Suppose 47 - 3 = 4*u. List the prime factors of u.
11
Let z(c) = c + 16. What are the prime factors of z(6)?
2, 11
Suppose -3*z - 22 = -5*z. List the prime factors of (z - 1 - -2) + 4.
2
Let q = -2 + 2. Suppose q = 6*j - 2*j - 28. Suppose 0 = 3*i, -i = 3*u + 1 - j. List the prime factors of u.
2
Suppose -3*n + 43 + 248 = 0. List the prime factors of n.
97
Let n = -1 + 4. Suppose -l - 21 = -3*t, 13 + 22 = 5*t - n*l. What are the prime factors of t?
7
Suppose 0 = -2*d - 0*d + 6. List the prime factors of (9/4)/(d/24).
2, 3
Let s(g) = 26*g**3 - 11*g**3 + 0*g**2 + 1 - 2 + 2*g**2. List the prime factors of s(1).
2
Suppose 0 = 3*a - 9. List the prime factors of 2/a*(3 - -6).
2, 3
Let w = -2 + 8. Suppose -82 = 3*j - w*j + 5*l, 3*j - 3*l - 78 = 0. Let m = j - 14. List the prime factors of m.
2, 5
Let y be (-1 + 1)/(-1*1). Let v be (y + 1)*(2 + 3). Suppose -20 = -4*a - 4*m, m = -v*a + 2*m + 19. List the prime factors of a.
2
Let t(h) = -h. Let f be t(-1). What are the prime factors of f/(-3) + (-258)/(-18)?
2, 7
Let n(a) be the first derivative of a**3/3 - 2